
2, 3, 13
List the prime factors of 58738.
2, 43, 683
What are the prime factors of 2085?
3, 5, 139
What are the prime factors of 14664?
2, 3, 13, 47
What are the prime factors of 17840?
2, 5, 223
What are the prime factors of 18228?
2, 3, 7, 31
What are the prime factors of 26455?
5, 11, 13, 37
List the prime factors of 33602.
2, 53, 317
What are the prime factors of 48057?
3, 83, 193
What are the prime factors of 67224?
2, 3, 2801
List the prime factors of 7234.
2, 3617
What are the prime factors of 927?
3, 103
List the prime factors of 5503.
5503
What are the prime factors of 94596?
2, 3, 7883
List the prime factors of 3733.
3733
What are the prime factors of 957?
3, 11, 29
What are the prime factors of 26032?
2, 1627
What are the prime factors of 6253?
13, 37
List the prime factors of 2101.
11, 191
What are the prime factors of 838?
2, 419
What are the prime factors of 4959?
3, 19, 29
List the prime factors of 7561.
7561
List the prime factors of 10297.
7, 1471
What are the prime factors of 30957?
3, 17, 607
What are the prime factors of 1903?
11, 173
List the prime factors of 140545.
5, 28109
List the prime factors of 9671.
19, 509
List the prime factors of 5431.
5431
List the prime factors of 76797.
3, 7, 23, 53
What are the prime factors of 26522?
2, 89, 149
What are the prime factors of 4397?
4397
List the prime factors of 920.
2, 5, 23
List the prime factors of 8237.
8237
What are the prime factors of 1469?
13, 113
What are the prime factors of 147?
3, 7
List the prime factors of 666.
2, 3, 37
List the prime factors of 13928.
2, 1741
What are the prime factors of 370?
2, 5, 37
What are the prime factors of 204577?
149, 1373
What are the prime factors of 133140?
2, 3, 5, 7, 317
List the prime factors of 6202.
2, 7, 443
List the prime factors of 2781.
3, 103
What are the prime factors of 951?
3, 317
What are the prime factors of 1096?
2, 137
List the prime factors of 14.
2, 7
What are the prime factors of 1668?
2, 3, 139
What are the prime factors of 28031?
28031
What are the prime factors of 82020?
2, 3, 5, 1367
List the prime factors of 14320.
2, 5, 179
List the prime factors of 66726.
2, 3, 11, 337
What are the prime factors of 273?
3, 7, 13
List the prime factors of 18482.
2, 9241
List the prime factors of 9379.
83, 113
List the prime factors of 351.
3, 13
List the prime factors of 606.
2, 3, 101
What are the prime factors of 71297?
83, 859
List the prime factors of 10658.
2, 73
List the prime factors of 298.
2, 149
List the prime factors of 145.
5, 29
What are the prime factors of 850?
2, 5, 17
What are the prime factors of 10133?
10133
What are the prime factors of 292?
2, 73
What are the prime factors of 16911?
3, 1879
What are the prime factors of 257?
257
List the prime factors of 1003.
17, 59
List the prime factors of 1423.
1423
List the prime factors of 53173.
53173
List the prime factors of 207.
3, 23
What are the prime factors of 5052?
2, 3, 421
List the prime factors of 619.
619
List the prime factors of 9140.
2, 5, 457
List the prime factors of 267.
3, 89
List the prime factors of 937.
937
List the prime factors of 20778.
2, 3, 3463
What are the prime factors of 8302?
2, 7, 593
List the prime factors of 11514.
2, 3, 19, 101
What are the prime factors of 29592?
2, 3, 137
What are the prime factors of 50972?
2, 12743
List the prime factors of 7179.
3, 2393
List the prime factors of 4433.
11, 13, 31
What are the prime factors of 1411?
17, 83
What are the prime factors of 29640?
2, 3, 5, 13, 19
What are the prime factors of 3589?
37, 97
What are the prime factors of 1092?
2, 3, 7, 13
What are the prime factors of 7389?
3, 821
List the prime factors of 4815.
3, 5, 107
What are the prime factors of 11970?
2, 3, 5, 7, 19
List the prime factors of 78.
2, 3, 13
What are the prime factors of 70422?
2, 3, 11, 97
What are the prime factors of 6759?
3, 751
What are the prime factors of 16620?
2, 3, 5, 277
What are the prime factors of 4377?
3, 1459
What are the prime factors of 22749?
3, 7583
List the prime factors of 9284.
2, 11, 211
List the prime factors of 63374.
2, 31687
What are the prime factors of 10835?
5, 11, 197
What are the prime factors of 31608?
2, 3, 439
List the prime factors of 6330.
2, 3, 5, 211
List the prime factors of 49331.
49331
List the prime factors of 7626.
2, 3, 31, 41
What are the prime factors of 90793?
90793
What are the prime factors of 33405?
3, 5, 17, 131
What are the prime factors of 423?
3, 47
List the prime factors of 3819.
3, 19, 67
List the prime factors of 3745.
5, 7, 107
What are the prime factors of 13909?
7, 1987
What are the prime factors of 886?
2, 443
List the prime factors of 11807.
11807
List the prime factors of 95693.
13, 17, 433
List the prime factors of 34198.
2, 17099
List the prime factors of 30854.
2, 15427
What are the prime factors of 27815?
5, 5563
What are the prime factors of 1336?
2, 167
What are the prime factors of 24692?
2, 6173
List the prime factors of 25668.
2, 3, 23, 31
List the prime factors of 18730.
2, 5, 1873
List the prime factors of 12371.
89, 139
List the prime factors of 1632.
2, 3, 17
List the prime factors of 17983.
7, 367
What are the prime factors of 642?
2, 3, 107
What are the prime factors of 3630?
2, 3, 5, 11
List the prime factors of 13892.
2, 23, 151
What are the prime factors of 7922?
2, 17, 233
What are the prime factors of 13729?
13729
What are the prime factors of 11933?
11933
What are the prime factors of 1953?
3, 7, 31
List the prime factors of 16441.
41, 401
List the prime factors of 85951.
23, 37, 101
What are the prime factors of 3758?
2, 1879
List the prime factors of 2564.
2, 641
What are the prime factors of 174720?
2, 3, 5, 7, 13
What are the prime factors of 9554?
2, 17, 281
What are the prime factors of 2094?
2, 3, 349
List the prime factors of 27.
3
What are the prime factors of 2903?
2903
List the prime factors of 2253.
3, 751
List the prime factors of 30232.
2, 3779
What are the prime factors of 3892?
2, 7, 139
List the prime factors of 6592.
2, 103
List the prime factors of 34610.
2, 5, 3461
List the prime factors of 5728.
2, 179
What are the prime factors of 755?
5, 151
List the prime factors of 10633.
7, 31
List the prime factors of 60780.
2, 3, 5, 1013
What are the prime factors of 5043?
3, 41
List the prime factors of 2410.
2, 5, 241
List the prime factors of 19382.
2, 11, 881
List the prime factors of 4616.
2, 577
What are the prime factors of 2914?
2, 31, 47
List the prime factors of 487.
487
List the prime factors of 405.
3, 5
List the prime factors of 17400.
2, 3, 5, 29
What are the prime factors of 11341?
11, 1031
What are the prime factors of 130587?
3, 19, 29, 79
List the prime factors of 35052.
2, 3, 23, 127
What are the prime factors of 5404?
2, 7, 193
List the prime factors of 62251.
7, 8893
What are the prime factors of 404?
2, 101
List the prime factors of 12917.
12917
What are the prime factors of 111706?
2, 7, 79, 101
List the prime factors of 4927.
13, 379
List the prime factors of 14358.
2, 3, 2393
List the prime factors of 40147.
19, 2113
List the prime factors of 293.
293
What are the prime factors of 13168?
2, 823
List the prime factors of 2210.
2, 5, 13, 17
What are the prime factors of 82151?
113, 727
List the prime factors of 269.
269
What are the prime factors of 3016?
2, 13, 29
What are the prime factors of 865?
5, 173
What are the prime factors of 1072?
2, 67
What are the prime factors of 6535?
5, 1307
What are the prime factors of 2955?
3, 5, 197
List the prime factors of 385.
5, 7, 11
What are the prime factors of 2100?
2, 3, 5, 7
What are the prime factors of 4396?
2, 7, 157
What are the prime factors of 6459?
3, 2153
List the prime factors of 403.
13, 31
What are the prime factors of 23182?
2, 67, 173
What are the prime factors of 144152?
2, 37, 487
List the prime factors of 75237.
3, 31, 809
List the prime factors of 51373.
7, 41, 179
List the prime factors of 91.
7, 13
What are the prime factors of 37464?
2, 3, 7, 223
List the prime factors of 56.
2, 7
What are the prime factors of 13882?
2, 11, 631
What are the prime factors of 3076?
2, 769
What are the prime factors of 152716?
2, 73, 523
List the prime factors of 458.
2, 229
What are the prime factors of 141668?
2, 107, 331
What are the prime